{"id":280,"date":"2016-02-29T10:15:04","date_gmt":"2016-02-29T09:15:04","guid":{"rendered":"http:\/\/web1149.login-13.loginserver.ch\/?page_id=280"},"modified":"2022-12-03T11:17:37","modified_gmt":"2022-12-03T10:17:37","slug":"produkte","status":"publish","type":"page","link":"https:\/\/gervasi-poschiavo.ch\/index.php\/de\/produkte\/","title":{"rendered":"Produkte"},"content":{"rendered":"<p>[vc_row top=&#8221;0px&#8221; section_id=&#8221;1&#8243;][vc_column][mnky_heading title=&#8221;Fenster&#8221; subtitle=&#8221;Holz \/ Holz-Metall \/ Denkmalpflege \/ Kunststoff \/ Kunsstoff-Metall&#8221;][\/vc_column][\/vc_row][vc_row top=&#8221;0px&#8221;][vc_column width=&#8221;1\/2&#8243;][mnky_colored_box img_url=&#8221;96&#8243; bg_color=&#8221;#f9f9f9&#8243;]<strong>Fenster aus Holz<\/strong><\/p>\n<p>Das bew\u00e4hrte Holzfenster ist immer noch im Trend. Holz ist \u00f6kologisch und strahlt W\u00e4rme und Heimeligkeit aus, typisch von unseren Bergregionen.<\/p>\n<p>In verschiedenen Varianten Natur belassen oder gestrichen und mit dem dreifach Isolierglas erreicht dieses Fenster problemlos den <strong>Minergie-P<\/strong> Standard.[\/mnky_colored_box][\/vc_column][vc_column width=&#8221;1\/2&#8243;][mnky_colored_box img_url=&#8221;97&#8243; bg_color=&#8221;#f9f9f9&#8243;]<strong>Fenster aus\u00a0Holz\/Metall<\/strong><\/p>\n<p>Gleiche Qualit\u00e4ten wie das Holzfenster und mit einer witterungsbest\u00e4ndigen Alu-Aussenschale.[\/mnky_colored_box][\/vc_column][\/vc_row][vc_row top=&#8221;0px&#8221;][vc_column width=&#8221;1\/2&#8243;][mnky_colored_box img_url=&#8221;95&#8243; bg_color=&#8221;#f9f9f9&#8243;]<strong>Fenster in Kunststoff und Kunststoff\/Metall<\/strong><\/p>\n<p>&nbsp;<\/p>\n<p>[\/mnky_colored_box][\/vc_column][vc_column width=&#8221;1\/2&#8243;][mnky_colored_box img_url=&#8221;98&#8243; bg_color=&#8221;#f9f9f9&#8243;]<strong>Fenster f\u00fcr Denkmalpflege<\/strong><\/p>\n<p>Wir sind stolz mit diesen Fenstern einen Beitrag zur Erhaltung sch\u00fctzenswerter Bauten zu leisten.<\/p>\n<p>Der Styl ist wie Damals geblieben aber die Funktionalit\u00e4t und die Isolierwerte sind wesentlich verbessert worden.<\/p>\n<p>Unsere Produkte: Fenster mit Einfachverglasung, Doppelverglasung, Isolierglas Innen kombiniert mit Einfachglas Aussen, Kastenfenster und weitere Ausf\u00fchrungen auf Wunsch.[\/mnky_colored_box][\/vc_column][\/vc_row][vc_row section_id=&#8221;2&#8243;][vc_column css=&#8221;.vc_custom_1454681926595{border-top-width: 1px !important;border-top-color: #e0e0e0 !important;border-top-style: solid !important;}&#8221;][mnky_heading title=&#8221;T\u00fcren&#8221; subtitle=&#8221;Ob Aussen- oder Innent\u00fcren, wir sind f\u00fcr Sie der richtige Partner.&#8221;][\/vc_column][\/vc_row][vc_row top=&#8221;0px&#8221;][vc_column width=&#8221;1\/2&#8243;][mnky_colored_box img_url=&#8221;135&#8243; bg_color=&#8221;#f9f9f9&#8243;]<strong>Eingangst\u00fcren\u00a0(f\u00fcr Aussen)<\/strong>[\/mnky_colored_box][\/vc_column][vc_column width=&#8221;1\/2&#8243;][mnky_colored_box img_url=&#8221;137&#8243; bg_color=&#8221;#f9f9f9&#8243;]<strong>Innent\u00fcren.<\/strong>[\/mnky_colored_box][\/vc_column][\/vc_row][vc_row section_id=&#8221;3&#8243;][vc_column css=&#8221;.vc_custom_1454924489095{border-top-width: 1px !important;border-top-color: #e0e0e0 !important;border-top-style: solid !important;}&#8221;][mnky_heading title=&#8221;Andere Schreinerarbeiten&#8221; subtitle=&#8221;M\u00f6bel, Verkleidungen, allgemeine Schreinerarbeiten&#8221;][\/vc_column][\/vc_row][vc_row top=&#8221;0px&#8221;][vc_column width=&#8221;1\/2&#8243;][mnky_colored_box img_url=&#8221;141&#8243; bg_color=&#8221;#f9f9f9&#8243;]<strong>M\u00f6bel, Verkleidungen, allgemeine Schreinerarbeiten<\/strong><\/p>\n<p>Alle eure W\u00fcnsche werden realisiert.[\/mnky_colored_box][\/vc_column][vc_column width=&#8221;1\/2&#8243;][mnky_colored_box img_url=&#8221;140&#8243; bg_color=&#8221;#f9f9f9&#8243;]<strong>K\u00fcchen<\/strong><\/p>\n<p>Zusammen mit unserer Partnerfirma Cucine Andreoletti f\u00fchren wir s\u00e4mtliche moderne oder traditionelle K\u00fcchen aus. Wir sind Partner unteranderem von Nolte K\u00fcchen und Podium Swiss.[\/mnky_colored_box][\/vc_column][\/vc_row][vc_row top=&#8221;0px&#8221;][vc_column width=&#8221;1\/2&#8243;][mnky_colored_box img_url=&#8221;139&#8243; bg_color=&#8221;#f9f9f9&#8243;]<strong>Holzkonstruktionen (Zimmerarbeiten)<\/strong><\/p>\n<p>Dachstuhl oder vorfabrizierte Elemente in der Werkstatt. Modern oder Antik.[\/mnky_colored_box][\/vc_column][vc_column width=&#8221;1\/2&#8243;][mnky_colored_box img_url=&#8221;142&#8243; bg_color=&#8221;#f9f9f9&#8243;]<strong>Fensterl\u00e4den aus Aluminium<\/strong><\/p>\n<p>Wir sind Wiederverk\u00e4ufer von Griesser, Schweiz. Ein schweizer Produkt!<\/p>\n<p><img loading=\"lazy\" decoding=\"async\" class=\"size-medium wp-image-328 aligncenter\" src=\"https:\/\/gervasi-poschiavo.ch\/wp-content\/uploads\/2019\/05\/Griesser-1-300x41.jpg\" alt=\"\" width=\"300\" height=\"41\" srcset=\"https:\/\/gervasi-poschiavo.ch\/wp-content\/uploads\/2019\/05\/Griesser-1-300x41.jpg 300w, https:\/\/gervasi-poschiavo.ch\/wp-content\/uploads\/2019\/05\/Griesser-1-768x106.jpg 768w, https:\/\/gervasi-poschiavo.ch\/wp-content\/uploads\/2019\/05\/Griesser-1-1024x141.jpg 1024w, https:\/\/gervasi-poschiavo.ch\/wp-content\/uploads\/2019\/05\/Griesser-1.jpg 1420w\" sizes=\"auto, (max-width: 300px) 100vw, 300px\" \/>[\/mnky_colored_box][\/vc_column][\/vc_row]<\/p>\n","protected":false},"excerpt":{"rendered":"<p>[vc_row top=&#8221;0px&#8221; section_id=&#8221;1&#8243;][vc_column][mnky_heading title=&#8221;Fenster&#8221; subtitle=&#8221;Holz \/ Holz-Metall \/ Denkmalpflege \/ Kunststoff \/ Kunsstoff-Metall&#8221;][\/vc_column][\/vc_row][vc_row top=&#8221;0px&#8221;][vc_column width=&#8221;1\/2&#8243;][mnky_colored_box img_url=&#8221;96&#8243; bg_color=&#8221;#f9f9f9&#8243;]Fenster aus Holz Das bew\u00e4hrte Holzfenster ist immer noch im Trend. Holz ist \u00f6kologisch und strahlt W\u00e4rme und Heimeligkeit aus, typisch von unseren Bergregionen. In verschiedenen Varianten Natur belassen oder gestrichen und mit dem dreifach Isolierglas erreicht dieses Fenster [&hellip;]<\/p>\n","protected":false},"author":3,"featured_media":0,"parent":0,"menu_order":0,"comment_status":"closed","ping_status":"closed","template":"","meta":{"footnotes":""},"class_list":["post-280","page","type-page","status-publish","hentry"],"_links":{"self":[{"href":"https:\/\/gervasi-poschiavo.ch\/index.php\/wp-json\/wp\/v2\/pages\/280","targetHints":{"allow":["GET"]}}],"collection":[{"href":"https:\/\/gervasi-poschiavo.ch\/index.php\/wp-json\/wp\/v2\/pages"}],"about":[{"href":"https:\/\/gervasi-poschiavo.ch\/index.php\/wp-json\/wp\/v2\/types\/page"}],"author":[{"embeddable":true,"href":"https:\/\/gervasi-poschiavo.ch\/index.php\/wp-json\/wp\/v2\/users\/3"}],"replies":[{"embeddable":true,"href":"https:\/\/gervasi-poschiavo.ch\/index.php\/wp-json\/wp\/v2\/comments?post=280"}],"version-history":[{"count":5,"href":"https:\/\/gervasi-poschiavo.ch\/index.php\/wp-json\/wp\/v2\/pages\/280\/revisions"}],"predecessor-version":[{"id":354,"href":"https:\/\/gervasi-poschiavo.ch\/index.php\/wp-json\/wp\/v2\/pages\/280\/revisions\/354"}],"wp:attachment":[{"href":"https:\/\/gervasi-poschiavo.ch\/index.php\/wp-json\/wp\/v2\/media?parent=280"}],"curies":[{"name":"wp","href":"https:\/\/api.w.org\/{rel}","templated":true}]}}

<p>[vc_row top=&#8221;0px&#8221; section_id=&#8221;1&#8243;][vc_column][mnky_heading title=&#8221;Fenster&#8221; subtitle=&#8221;Holz / Holz-Metall / Denkmalpflege / Kunststoff / Kunsstoff-Metall&#8221;][/vc_column][/vc_row][vc_row top=&#8221;0px&#8221;][vc_column width=&#8221;1/2&#8243;][mnky_colored_box img_url=&#8221;96&#8243; bg_color=&#8221;#f9f9f9&#8243;]<strong>Fenster aus Holz</strong></p>
<p>Das bewährte Holzfenster ist immer noch im Trend. Holz ist ökologisch und strahlt Wärme und Heimeligkeit aus, typisch von unseren Bergregionen.</p>
<p>In verschiedenen Varianten Natur belassen oder gestrichen und mit dem dreifach Isolierglas erreicht dieses Fenster problemlos den <strong>Minergie-P</strong> Standard.[/mnky_colored_box][/vc_column][vc_column width=&#8221;1/2&#8243;][mnky_colored_box img_url=&#8221;97&#8243; bg_color=&#8221;#f9f9f9&#8243;]<strong>Fenster aus Holz/Metall</strong></p>
<p>Gleiche Qualitäten wie das Holzfenster und mit einer witterungsbeständigen Alu-Aussenschale.[/mnky_colored_box][/vc_column][/vc_row][vc_row top=&#8221;0px&#8221;][vc_column width=&#8221;1/2&#8243;][mnky_colored_box img_url=&#8221;95&#8243; bg_color=&#8221;#f9f9f9&#8243;]<strong>Fenster in Kunststoff und Kunststoff/Metall</strong></p>
<p>&nbsp;</p>
<p>[/mnky_colored_box][/vc_column][vc_column width=&#8221;1/2&#8243;][mnky_colored_box img_url=&#8221;98&#8243; bg_color=&#8221;#f9f9f9&#8243;]<strong>Fenster für Denkmalpflege</strong></p>
<p>Wir sind stolz mit diesen Fenstern einen Beitrag zur Erhaltung schützenswerter Bauten zu leisten.</p>
<p>Der Styl ist wie Damals geblieben aber die Funktionalität und die Isolierwerte sind wesentlich verbessert worden.</p>
<p>Unsere Produkte: Fenster mit Einfachverglasung, Doppelverglasung, Isolierglas Innen kombiniert mit Einfachglas Aussen, Kastenfenster und weitere Ausführungen auf Wunsch.[/mnky_colored_box][/vc_column][/vc_row][vc_row section_id=&#8221;2&#8243;][vc_column css=&#8221;.vc_custom_1454681926595{border-top-width: 1px !important;border-top-color: #e0e0e0 !important;border-top-style: solid !important;}&#8221;][mnky_heading title=&#8221;Türen&#8221; subtitle=&#8221;Ob Aussen- oder Innentüren, wir sind für Sie der richtige Partner.&#8221;][/vc_column][/vc_row][vc_row top=&#8221;0px&#8221;][vc_column width=&#8221;1/2&#8243;][mnky_colored_box img_url=&#8221;135&#8243; bg_color=&#8221;#f9f9f9&#8243;]<strong>Eingangstüren (für Aussen)</strong>[/mnky_colored_box][/vc_column][vc_column width=&#8221;1/2&#8243;][mnky_colored_box img_url=&#8221;137&#8243; bg_color=&#8221;#f9f9f9&#8243;]<strong>Innentüren.</strong>[/mnky_colored_box][/vc_column][/vc_row][vc_row section_id=&#8221;3&#8243;][vc_column css=&#8221;.vc_custom_1454924489095{border-top-width: 1px !important;border-top-color: #e0e0e0 !important;border-top-style: solid !important;}&#8221;][mnky_heading title=&#8221;Andere Schreinerarbeiten&#8221; subtitle=&#8221;Möbel, Verkleidungen, allgemeine Schreinerarbeiten&#8221;][/vc_column][/vc_row][vc_row top=&#8221;0px&#8221;][vc_column width=&#8221;1/2&#8243;][mnky_colored_box img_url=&#8221;141&#8243; bg_color=&#8221;#f9f9f9&#8243;]<strong>Möbel, Verkleidungen, allgemeine Schreinerarbeiten</strong></p>
<p>Alle eure Wünsche werden realisiert.[/mnky_colored_box][/vc_column][vc_column width=&#8221;1/2&#8243;][mnky_colored_box img_url=&#8221;140&#8243; bg_color=&#8221;#f9f9f9&#8243;]<strong>Küchen</strong></p>
<p>Zusammen mit unserer Partnerfirma Cucine Andreoletti führen wir sämtliche moderne oder traditionelle Küchen aus. Wir sind Partner unteranderem von Nolte Küchen und Podium Swiss.[/mnky_colored_box][/vc_column][/vc_row][vc_row top=&#8221;0px&#8221;][vc_column width=&#8221;1/2&#8243;][mnky_colored_box img_url=&#8221;139&#8243; bg_color=&#8221;#f9f9f9&#8243;]<strong>Holzkonstruktionen (Zimmerarbeiten)</strong></p>
<p>Dachstuhl oder vorfabrizierte Elemente in der Werkstatt. Modern oder Antik.[/mnky_colored_box][/vc_column][vc_column width=&#8221;1/2&#8243;][mnky_colored_box img_url=&#8221;142&#8243; bg_color=&#8221;#f9f9f9&#8243;]<strong>Fensterläden aus Aluminium</strong></p>
<p>Wir sind Wiederverkäufer von Griesser, Schweiz. Ein schweizer Produkt!</p>
<p><img loading="lazy" decoding="async" class="size-medium wp-image-328 aligncenter" src="https://gervasi-poschiavo.ch/wp-content/uploads/2019/05/Griesser-1-300x41.jpg" alt="" width="300" height="41" srcset="https://gervasi-poschiavo.ch/wp-content/uploads/2019/05/Griesser-1-300x41.jpg 300w, https://gervasi-poschiavo.ch/wp-content/uploads/2019/05/Griesser-1-768x106.jpg 768w, https://gervasi-poschiavo.ch/wp-content/uploads/2019/05/Griesser-1-1024x141.jpg 1024w, https://gervasi-poschiavo.ch/wp-content/uploads/2019/05/Griesser-1.jpg 1420w" sizes="auto, (max-width: 300px) 100vw, 300px" />[/mnky_colored_box][/vc_column][/vc_row]</p>

<p>[vc_row top=&#8221;0px&#8221; section_id=&#8221;1&#8243;][vc_column][mnky_heading title=&#8221;Fenster&#8221; subtitle=&#8221;Holz / Holz-Metall / Denkmalpflege / Kunststoff / Kunsstoff-Metall&#8221;][/vc_column][/vc_row][vc_row top=&#8221;0px&#8221;][vc_column width=&#8221;1/2&#8243;][mnky_colored_box img_url=&#8221;96&#8243; bg_color=&#8221;#f9f9f9&#8243;]Fenster aus Holz Das bewährte Holzfenster ist immer noch im Trend. Holz ist ökologisch und strahlt Wärme und Heimeligkeit aus, typisch von unseren Bergregionen. In verschiedenen Varianten Natur belassen oder gestrichen und mit dem dreifach Isolierglas erreicht dieses Fenster [&hellip;]</p>
