{"id":274,"date":"2016-02-29T09:27:47","date_gmt":"2016-02-29T08:27:47","guid":{"rendered":"http:\/\/web1149.login-13.loginserver.ch\/?page_id=274"},"modified":"2023-08-30T11:58:42","modified_gmt":"2023-08-30T09:58:42","slug":"uber-uns","status":"publish","type":"page","link":"https:\/\/gervasi-poschiavo.ch\/index.php\/de\/uber-uns\/","title":{"rendered":"\u00dcber uns"},"content":{"rendered":"<p>[vc_row top=&#8221;30px&#8221;][vc_column][mnky_heading title=&#8221;\u00dcber uns&#8221; subtitle=&#8221;Seit drei Generationen f\u00fcr Sie da!!&#8221;][vc_empty_space height=&#8221;80px&#8221;][mnky_timeline][mnky_timeline_point title=&#8221;1923&#8243;] Gervasi Attilio &amp; soci[\/mnky_timeline_point][mnky_timeline_point position=&#8221;10&#8243; title=&#8221;1926&#8243;] Pola &amp; Gervasi, impresa costruzioni e segheria-falegnameria[\/mnky_timeline_point][mnky_timeline_point position=&#8221;35&#8243; title=&#8221;1958&#8243;]Gervasi Riccardo[\/mnky_timeline_point][mnky_timeline_point position=&#8221;55&#8243; title=&#8221;1974&#8243;]Gervasi &amp; Co[\/mnky_timeline_point][mnky_timeline_point position=&#8221;80&#8243; title=&#8221;2001&#8243;]Gervasi Fausto[\/mnky_timeline_point][mnky_timeline_point position=&#8221;90&#8243; title=&#8221;2015&#8243;]Gervasi SA[\/mnky_timeline_point][\/mnky_timeline][\/vc_column][\/vc_row][vc_row][vc_column][vc_column_text]<strong>Kurze Geschichte (1923 \u2013 heute)<\/strong><\/p>\n<figure id=\"attachment_121\" aria-describedby=\"caption-attachment-121\" style=\"width: 412px\" class=\"wp-caption alignleft\"><img loading=\"lazy\" decoding=\"async\" class=\"wp-image-121\" src=\"https:\/\/gervasi-poschiavo.ch\/wp-content\/uploads\/2016\/01\/segheria-300x212.jpg\" alt=\"segheria\" width=\"412\" height=\"293\" \/><figcaption id=\"caption-attachment-121\" class=\"wp-caption-text\">Das S\u00e4gewerk im\u00a01970<\/figcaption><\/figure>\n<p>Seit drei Generationen f\u00fchrt die Familie Gervasi einen Schreinerbetrieb in Poschiavo. Urspr\u00fcnglich vor allem im S\u00e4gerei- und Zimmereibereich t\u00e4tig, entwickelte sich die Firma zu einem Allrounder in Sachen Holzverarbeitung: Von der Wiege bis zum Sarg, nat\u00fcrlich aus Holz. Heute f\u00fchrt Andrea Gervasi den Betrieb in diesem Sinne weiter, Tradition und Innovation unter einem Dach, gepr\u00e4gt von lokalen Bautechniken, umgesetzt mit aktuellem Fachwissen.<\/p>\n<div style=\"clear: both;\">\n<p>&nbsp;<\/p>\n<p><strong>Tradition und Moderne<\/strong><\/p>\n<figure id=\"attachment_374\" aria-describedby=\"caption-attachment-374\" style=\"width: 225px\" class=\"wp-caption alignright\"><img loading=\"lazy\" decoding=\"async\" class=\"wp-image-374 size-medium\" src=\"https:\/\/gervasi-poschiavo.ch\/wp-content\/uploads\/2023\/03\/foto-Andrea-per-sito-1-225x300.jpg\" alt=\"\" width=\"225\" height=\"300\" srcset=\"https:\/\/gervasi-poschiavo.ch\/wp-content\/uploads\/2023\/03\/foto-Andrea-per-sito-1-225x300.jpg 225w, https:\/\/gervasi-poschiavo.ch\/wp-content\/uploads\/2023\/03\/foto-Andrea-per-sito-1-768x1024.jpg 768w, https:\/\/gervasi-poschiavo.ch\/wp-content\/uploads\/2023\/03\/foto-Andrea-per-sito-1.jpg 1512w\" sizes=\"auto, (max-width: 225px) 100vw, 225px\" \/><figcaption id=\"caption-attachment-374\" class=\"wp-caption-text\">Andrea Gervasi<\/figcaption><\/figure>\n<p>Mit ihren rund zehn Mitarbeitern garantiert die Firma Gervasi SA professionelle und qualitativ hochstehende Arbeit \u201ea regola d\u2019arte\u201c. Massgezimmert und einzigartig.<\/p>\n<p>Ein Schwerpunkt liegt seit mehreren Jahren im Fensterbau, der mit der \u00dcbernahme des Maschinenparks der ehemaligen Denoth SA, Celerina, noch vertieft wurde; gleichzeitig wurde die Pr\u00e4senz im Engadin verst\u00e4rkt. In der Werkstatt entstehen Fenster aus Holz und Holz-Metall in allen Varianten sowohl f\u00fcr traditionelle als auch f\u00fcr Minergie-Bauten.<\/p>\n<p>F\u00fcr historische und\/oder denkmalgesch\u00fctzte Objekte (Antikfenster) stellt die Firma Doppelverglasungs-, Kasten- oder Isolier-\/Einfachglasfenster nach Mass her.<\/p>\n<p><strong>Die Zufriedenheit unserer Kunden hat bei uns h\u00f6chste Priorit\u00e4t !!<\/strong><\/p>\n<\/div>\n<p>[\/vc_column_text][\/vc_column][\/vc_row]<\/p>\n","protected":false},"excerpt":{"rendered":"<p>[vc_row top=&#8221;30px&#8221;][vc_column][mnky_heading title=&#8221;\u00dcber uns&#8221; subtitle=&#8221;Seit drei Generationen f\u00fcr Sie da!!&#8221;][vc_empty_space height=&#8221;80px&#8221;][mnky_timeline][mnky_timeline_point title=&#8221;1923&#8243;] Gervasi Attilio &amp; soci[\/mnky_timeline_point][mnky_timeline_point position=&#8221;10&#8243; title=&#8221;1926&#8243;] Pola &amp; Gervasi, impresa costruzioni e segheria-falegnameria[\/mnky_timeline_point][mnky_timeline_point position=&#8221;35&#8243; title=&#8221;1958&#8243;]Gervasi Riccardo[\/mnky_timeline_point][mnky_timeline_point position=&#8221;55&#8243; title=&#8221;1974&#8243;]Gervasi &amp; Co[\/mnky_timeline_point][mnky_timeline_point position=&#8221;80&#8243; title=&#8221;2001&#8243;]Gervasi Fausto[\/mnky_timeline_point][mnky_timeline_point position=&#8221;90&#8243; title=&#8221;2015&#8243;]Gervasi SA[\/mnky_timeline_point][\/mnky_timeline][\/vc_column][\/vc_row][vc_row][vc_column][vc_column_text]Kurze Geschichte (1923 \u2013 heute) Seit drei Generationen f\u00fchrt die Familie Gervasi einen Schreinerbetrieb in Poschiavo. Urspr\u00fcnglich vor [&hellip;]<\/p>\n","protected":false},"author":3,"featured_media":0,"parent":0,"menu_order":0,"comment_status":"closed","ping_status":"closed","template":"page-full-width.php","meta":{"footnotes":""},"class_list":["post-274","page","type-page","status-publish","hentry"],"_links":{"self":[{"href":"https:\/\/gervasi-poschiavo.ch\/index.php\/wp-json\/wp\/v2\/pages\/274","targetHints":{"allow":["GET"]}}],"collection":[{"href":"https:\/\/gervasi-poschiavo.ch\/index.php\/wp-json\/wp\/v2\/pages"}],"about":[{"href":"https:\/\/gervasi-poschiavo.ch\/index.php\/wp-json\/wp\/v2\/types\/page"}],"author":[{"embeddable":true,"href":"https:\/\/gervasi-poschiavo.ch\/index.php\/wp-json\/wp\/v2\/users\/3"}],"replies":[{"embeddable":true,"href":"https:\/\/gervasi-poschiavo.ch\/index.php\/wp-json\/wp\/v2\/comments?post=274"}],"version-history":[{"count":7,"href":"https:\/\/gervasi-poschiavo.ch\/index.php\/wp-json\/wp\/v2\/pages\/274\/revisions"}],"predecessor-version":[{"id":376,"href":"https:\/\/gervasi-poschiavo.ch\/index.php\/wp-json\/wp\/v2\/pages\/274\/revisions\/376"}],"wp:attachment":[{"href":"https:\/\/gervasi-poschiavo.ch\/index.php\/wp-json\/wp\/v2\/media?parent=274"}],"curies":[{"name":"wp","href":"https:\/\/api.w.org\/{rel}","templated":true}]}}

Über uns

<p>[vc_row top=&#8221;30px&#8221;][vc_column][mnky_heading title=&#8221;Über uns&#8221; subtitle=&#8221;Seit drei Generationen für Sie da!!&#8221;][vc_empty_space height=&#8221;80px&#8221;][mnky_timeline][mnky_timeline_point title=&#8221;1923&#8243;] Gervasi Attilio &amp; soci[/mnky_timeline_point][mnky_timeline_point position=&#8221;10&#8243; title=&#8221;1926&#8243;] Pola &amp; Gervasi, impresa costruzioni e segheria-falegnameria[/mnky_timeline_point][mnky_timeline_point position=&#8221;35&#8243; title=&#8221;1958&#8243;]Gervasi Riccardo[/mnky_timeline_point][mnky_timeline_point position=&#8221;55&#8243; title=&#8221;1974&#8243;]Gervasi &amp; Co[/mnky_timeline_point][mnky_timeline_point position=&#8221;80&#8243; title=&#8221;2001&#8243;]Gervasi Fausto[/mnky_timeline_point][mnky_timeline_point position=&#8221;90&#8243; title=&#8221;2015&#8243;]Gervasi SA[/mnky_timeline_point][/mnky_timeline][/vc_column][/vc_row][vc_row][vc_column][vc_column_text]<strong>Kurze Geschichte (1923 – heute)</strong></p>
<figure id="attachment_121" aria-describedby="caption-attachment-121" style="width: 412px" class="wp-caption alignleft"><img loading="lazy" decoding="async" class="wp-image-121" src="https://gervasi-poschiavo.ch/wp-content/uploads/2016/01/segheria-300x212.jpg" alt="segheria" width="412" height="293" /><figcaption id="caption-attachment-121" class="wp-caption-text">Das Sägewerk im 1970</figcaption></figure>
<p>Seit drei Generationen führt die Familie Gervasi einen Schreinerbetrieb in Poschiavo. Ursprünglich vor allem im Sägerei- und Zimmereibereich tätig, entwickelte sich die Firma zu einem Allrounder in Sachen Holzverarbeitung: Von der Wiege bis zum Sarg, natürlich aus Holz. Heute führt Andrea Gervasi den Betrieb in diesem Sinne weiter, Tradition und Innovation unter einem Dach, geprägt von lokalen Bautechniken, umgesetzt mit aktuellem Fachwissen.</p>
<div style="clear: both;">
<p>&nbsp;</p>
<p><strong>Tradition und Moderne</strong></p>
<figure id="attachment_374" aria-describedby="caption-attachment-374" style="width: 225px" class="wp-caption alignright"><img loading="lazy" decoding="async" class="wp-image-374 size-medium" src="https://gervasi-poschiavo.ch/wp-content/uploads/2023/03/foto-Andrea-per-sito-1-225x300.jpg" alt="" width="225" height="300" srcset="https://gervasi-poschiavo.ch/wp-content/uploads/2023/03/foto-Andrea-per-sito-1-225x300.jpg 225w, https://gervasi-poschiavo.ch/wp-content/uploads/2023/03/foto-Andrea-per-sito-1-768x1024.jpg 768w, https://gervasi-poschiavo.ch/wp-content/uploads/2023/03/foto-Andrea-per-sito-1.jpg 1512w" sizes="auto, (max-width: 225px) 100vw, 225px" /><figcaption id="caption-attachment-374" class="wp-caption-text">Andrea Gervasi</figcaption></figure>
<p>Mit ihren rund zehn Mitarbeitern garantiert die Firma Gervasi SA professionelle und qualitativ hochstehende Arbeit „a regola d’arte“. Massgezimmert und einzigartig.</p>
<p>Ein Schwerpunkt liegt seit mehreren Jahren im Fensterbau, der mit der Übernahme des Maschinenparks der ehemaligen Denoth SA, Celerina, noch vertieft wurde; gleichzeitig wurde die Präsenz im Engadin verstärkt. In der Werkstatt entstehen Fenster aus Holz und Holz-Metall in allen Varianten sowohl für traditionelle als auch für Minergie-Bauten.</p>
<p>Für historische und/oder denkmalgeschützte Objekte (Antikfenster) stellt die Firma Doppelverglasungs-, Kasten- oder Isolier-/Einfachglasfenster nach Mass her.</p>
<p><strong>Die Zufriedenheit unserer Kunden hat bei uns höchste Priorität !!</strong></p>
</div>
<p>[/vc_column_text][/vc_column][/vc_row]</p>

<p>[vc_row top=&#8221;30px&#8221;][vc_column][mnky_heading title=&#8221;Über uns&#8221; subtitle=&#8221;Seit drei Generationen für Sie da!!&#8221;][vc_empty_space height=&#8221;80px&#8221;][mnky_timeline][mnky_timeline_point title=&#8221;1923&#8243;] Gervasi Attilio &amp; soci[/mnky_timeline_point][mnky_timeline_point position=&#8221;10&#8243; title=&#8221;1926&#8243;] Pola &amp; Gervasi, impresa costruzioni e segheria-falegnameria[/mnky_timeline_point][mnky_timeline_point position=&#8221;35&#8243; title=&#8221;1958&#8243;]Gervasi Riccardo[/mnky_timeline_point][mnky_timeline_point position=&#8221;55&#8243; title=&#8221;1974&#8243;]Gervasi &amp; Co[/mnky_timeline_point][mnky_timeline_point position=&#8221;80&#8243; title=&#8221;2001&#8243;]Gervasi Fausto[/mnky_timeline_point][mnky_timeline_point position=&#8221;90&#8243; title=&#8221;2015&#8243;]Gervasi SA[/mnky_timeline_point][/mnky_timeline][/vc_column][/vc_row][vc_row][vc_column][vc_column_text]Kurze Geschichte (1923 – heute) Seit drei Generationen führt die Familie Gervasi einen Schreinerbetrieb in Poschiavo. Ursprünglich vor [&hellip;]</p>
