{"id":11,"date":"2016-01-27T07:41:41","date_gmt":"2016-01-27T06:41:41","guid":{"rendered":"http:\/\/web1149.login-13.loginserver.ch\/?page_id=11"},"modified":"2023-08-30T11:57:30","modified_gmt":"2023-08-30T09:57:30","slug":"chi-siamo","status":"publish","type":"page","link":"https:\/\/gervasi-poschiavo.ch\/index.php\/it\/chi-siamo\/","title":{"rendered":"Chi siamo"},"content":{"rendered":"<p>[vc_row top=&#8221;30px&#8221;][vc_column][mnky_heading title=&#8221;Chi siamo&#8221; subtitle=&#8221;Al vostro servizio da tre generazioni!&#8221;][vc_empty_space height=&#8221;80px&#8221;][mnky_timeline][mnky_timeline_point title=&#8221;1923&#8243;] Gervasi Attilio &amp; soci[\/mnky_timeline_point][mnky_timeline_point position=&#8221;10&#8243;\u00a0 title=&#8221;1926&#8243;] Pola &amp; Gervasi, impresa costruzioni e segheria-falegnameria[\/mnky_timeline_point][mnky_timeline_point position=&#8221;35&#8243; title=&#8221;1958&#8243;]Gervasi Riccardo[\/mnky_timeline_point][mnky_timeline_point position=&#8221;55&#8243; title=&#8221;1974&#8243;]Gervasi &amp; Co[\/mnky_timeline_point][mnky_timeline_point position=&#8221;80&#8243; title=&#8221;2001&#8243;]Gervasi Fausto[\/mnky_timeline_point][mnky_timeline_point position=&#8221;90&#8243; title=&#8221;2015&#8243;]Gervasi SA[\/mnky_timeline_point][\/mnky_timeline][\/vc_column][\/vc_row][vc_row][vc_column][vc_column_text]<strong>Breve storia (1923 \u2013 oggi)<\/strong><\/p>\n<figure id=\"attachment_121\" aria-describedby=\"caption-attachment-121\" style=\"width: 412px\" class=\"wp-caption alignleft\"><img loading=\"lazy\" decoding=\"async\" class=\"wp-image-121\" src=\"https:\/\/gervasi-poschiavo.ch\/wp-content\/uploads\/2016\/01\/segheria-300x212.jpg\" alt=\"segheria\" width=\"412\" height=\"293\" \/><figcaption id=\"caption-attachment-121\" class=\"wp-caption-text\">la segheria intorno al 1970<\/figcaption><\/figure>\n<p>Da tre generazioni la famiglia Gervasi \u00e8 a capo di un\u2019azienda nel settore del legno. \u00a0Inizialmente attiva soprattutto quale segheria e carpenteria, col tempo la ditta si \u00e8 sviluppata in un \u201callrounder\u201d nella lavorazione del legno.<\/p>\n<div style=\"clear: both;\">\n<p>&nbsp;<\/p>\n<p><strong>Tradizione e innovazione<\/strong><\/p>\n<figure id=\"attachment_371\" aria-describedby=\"caption-attachment-371\" style=\"width: 225px\" class=\"wp-caption alignright\"><img loading=\"lazy\" decoding=\"async\" class=\"wp-image-371 size-medium\" src=\"https:\/\/gervasi-poschiavo.ch\/wp-content\/uploads\/2023\/03\/foto-Andrea-per-sito-225x300.jpg\" alt=\"\" width=\"225\" height=\"300\" srcset=\"https:\/\/gervasi-poschiavo.ch\/wp-content\/uploads\/2023\/03\/foto-Andrea-per-sito-225x300.jpg 225w, https:\/\/gervasi-poschiavo.ch\/wp-content\/uploads\/2023\/03\/foto-Andrea-per-sito-768x1024.jpg 768w, https:\/\/gervasi-poschiavo.ch\/wp-content\/uploads\/2023\/03\/foto-Andrea-per-sito.jpg 1512w\" sizes=\"auto, (max-width: 225px) 100vw, 225px\" \/><figcaption id=\"caption-attachment-371\" class=\"wp-caption-text\">Andrea Gervasi<\/figcaption><\/figure>\n<p>Oggi Andrea Gervasi e una decina di collaboratori assicurano la massima professionalit\u00e0 e qualit\u00e0 del loro lavoro. Dalla porta passando per il mobile e al rivestimento, tutto rigorosamente prodotto nell\u2019officina a Poschiavo con legname perlopi\u00f9 indigeno.<\/p>\n<\/div>\n<p>Da diversi anni l\u2019azienda si \u00e8 inoltre specializzata nella fabbricazione di serramenti in legno e legno\/metallo cosi come <strong><em>finestre antiche per monumenti storici<\/em><\/strong>. Siamo infatti fieri di poter contribuire al mantenimento delle caratteristiche architettoniche e storiche dei numerosi palazzi signorili della regione.<\/p>\n<p>&nbsp;<\/p>\n<p><strong>Il nostro impegno, la vostra garanzia<\/strong><\/p>\n<p>Quale membro dell\u2019Associazione Svizzera Fabbricanti Mobili e Serramenti (ASFMS) vogliamo contribuire ad un solido mercato interno; i nostri fornitori e partner sono quasi esclusivamente svizzeri.<\/p>\n<p>La formazione dei nostri giovani ci sta a cuore. Offriamo posti di tirocinio per falegnami. Due apprendisti lavorano regolarmente alle nostre dipendenze.<\/p>\n<p><strong>La massima soddisfazione del cliente \u00e8 la nostra pi\u00f9 alta priorit\u00e0!<\/strong>[\/vc_column_text][\/vc_column][\/vc_row]<\/p>\n","protected":false},"excerpt":{"rendered":"<p>[vc_row top=&#8221;30px&#8221;][vc_column][mnky_heading title=&#8221;Chi siamo&#8221; subtitle=&#8221;Al vostro servizio da tre generazioni!&#8221;][vc_empty_space height=&#8221;80px&#8221;][mnky_timeline][mnky_timeline_point title=&#8221;1923&#8243;] Gervasi Attilio &amp; soci[\/mnky_timeline_point][mnky_timeline_point position=&#8221;10&#8243;\u00a0 title=&#8221;1926&#8243;] Pola &amp; Gervasi, impresa costruzioni e segheria-falegnameria[\/mnky_timeline_point][mnky_timeline_point position=&#8221;35&#8243; title=&#8221;1958&#8243;]Gervasi Riccardo[\/mnky_timeline_point][mnky_timeline_point position=&#8221;55&#8243; title=&#8221;1974&#8243;]Gervasi &amp; Co[\/mnky_timeline_point][mnky_timeline_point position=&#8221;80&#8243; title=&#8221;2001&#8243;]Gervasi Fausto[\/mnky_timeline_point][mnky_timeline_point position=&#8221;90&#8243; title=&#8221;2015&#8243;]Gervasi SA[\/mnky_timeline_point][\/mnky_timeline][\/vc_column][\/vc_row][vc_row][vc_column][vc_column_text]Breve storia (1923 \u2013 oggi) Da tre generazioni la famiglia Gervasi \u00e8 a capo di un\u2019azienda nel settore [&hellip;]<\/p>\n","protected":false},"author":3,"featured_media":0,"parent":0,"menu_order":0,"comment_status":"closed","ping_status":"closed","template":"page-full-width.php","meta":{"footnotes":""},"class_list":["post-11","page","type-page","status-publish","hentry"],"_links":{"self":[{"href":"https:\/\/gervasi-poschiavo.ch\/index.php\/wp-json\/wp\/v2\/pages\/11","targetHints":{"allow":["GET"]}}],"collection":[{"href":"https:\/\/gervasi-poschiavo.ch\/index.php\/wp-json\/wp\/v2\/pages"}],"about":[{"href":"https:\/\/gervasi-poschiavo.ch\/index.php\/wp-json\/wp\/v2\/types\/page"}],"author":[{"embeddable":true,"href":"https:\/\/gervasi-poschiavo.ch\/index.php\/wp-json\/wp\/v2\/users\/3"}],"replies":[{"embeddable":true,"href":"https:\/\/gervasi-poschiavo.ch\/index.php\/wp-json\/wp\/v2\/comments?post=11"}],"version-history":[{"count":30,"href":"https:\/\/gervasi-poschiavo.ch\/index.php\/wp-json\/wp\/v2\/pages\/11\/revisions"}],"predecessor-version":[{"id":373,"href":"https:\/\/gervasi-poschiavo.ch\/index.php\/wp-json\/wp\/v2\/pages\/11\/revisions\/373"}],"wp:attachment":[{"href":"https:\/\/gervasi-poschiavo.ch\/index.php\/wp-json\/wp\/v2\/media?parent=11"}],"curies":[{"name":"wp","href":"https:\/\/api.w.org\/{rel}","templated":true}]}}

<p>[vc_row top=&#8221;30px&#8221;][vc_column][mnky_heading title=&#8221;Chi siamo&#8221; subtitle=&#8221;Al vostro servizio da tre generazioni!&#8221;][vc_empty_space height=&#8221;80px&#8221;][mnky_timeline][mnky_timeline_point title=&#8221;1923&#8243;] Gervasi Attilio &amp; soci[/mnky_timeline_point][mnky_timeline_point position=&#8221;10&#8243;  title=&#8221;1926&#8243;] Pola &amp; Gervasi, impresa costruzioni e segheria-falegnameria[/mnky_timeline_point][mnky_timeline_point position=&#8221;35&#8243; title=&#8221;1958&#8243;]Gervasi Riccardo[/mnky_timeline_point][mnky_timeline_point position=&#8221;55&#8243; title=&#8221;1974&#8243;]Gervasi &amp; Co[/mnky_timeline_point][mnky_timeline_point position=&#8221;80&#8243; title=&#8221;2001&#8243;]Gervasi Fausto[/mnky_timeline_point][mnky_timeline_point position=&#8221;90&#8243; title=&#8221;2015&#8243;]Gervasi SA[/mnky_timeline_point][/mnky_timeline][/vc_column][/vc_row][vc_row][vc_column][vc_column_text]<strong>Breve storia (1923 – oggi)</strong></p>
<figure id="attachment_121" aria-describedby="caption-attachment-121" style="width: 412px" class="wp-caption alignleft"><img loading="lazy" decoding="async" class="wp-image-121" src="https://gervasi-poschiavo.ch/wp-content/uploads/2016/01/segheria-300x212.jpg" alt="segheria" width="412" height="293" /><figcaption id="caption-attachment-121" class="wp-caption-text">la segheria intorno al 1970</figcaption></figure>
<p>Da tre generazioni la famiglia Gervasi è a capo di un’azienda nel settore del legno.  Inizialmente attiva soprattutto quale segheria e carpenteria, col tempo la ditta si è sviluppata in un “allrounder” nella lavorazione del legno.</p>
<div style="clear: both;">
<p>&nbsp;</p>
<p><strong>Tradizione e innovazione</strong></p>
<figure id="attachment_371" aria-describedby="caption-attachment-371" style="width: 225px" class="wp-caption alignright"><img loading="lazy" decoding="async" class="wp-image-371 size-medium" src="https://gervasi-poschiavo.ch/wp-content/uploads/2023/03/foto-Andrea-per-sito-225x300.jpg" alt="" width="225" height="300" srcset="https://gervasi-poschiavo.ch/wp-content/uploads/2023/03/foto-Andrea-per-sito-225x300.jpg 225w, https://gervasi-poschiavo.ch/wp-content/uploads/2023/03/foto-Andrea-per-sito-768x1024.jpg 768w, https://gervasi-poschiavo.ch/wp-content/uploads/2023/03/foto-Andrea-per-sito.jpg 1512w" sizes="auto, (max-width: 225px) 100vw, 225px" /><figcaption id="caption-attachment-371" class="wp-caption-text">Andrea Gervasi</figcaption></figure>
<p>Oggi Andrea Gervasi e una decina di collaboratori assicurano la massima professionalità e qualità del loro lavoro. Dalla porta passando per il mobile e al rivestimento, tutto rigorosamente prodotto nell’officina a Poschiavo con legname perlopiù indigeno.</p>
</div>
<p>Da diversi anni l’azienda si è inoltre specializzata nella fabbricazione di serramenti in legno e legno/metallo cosi come <strong><em>finestre antiche per monumenti storici</em></strong>. Siamo infatti fieri di poter contribuire al mantenimento delle caratteristiche architettoniche e storiche dei numerosi palazzi signorili della regione.</p>
<p>&nbsp;</p>
<p><strong>Il nostro impegno, la vostra garanzia</strong></p>
<p>Quale membro dell’Associazione Svizzera Fabbricanti Mobili e Serramenti (ASFMS) vogliamo contribuire ad un solido mercato interno; i nostri fornitori e partner sono quasi esclusivamente svizzeri.</p>
<p>La formazione dei nostri giovani ci sta a cuore. Offriamo posti di tirocinio per falegnami. Due apprendisti lavorano regolarmente alle nostre dipendenze.</p>
<p><strong>La massima soddisfazione del cliente è la nostra più alta priorità!</strong>[/vc_column_text][/vc_column][/vc_row]</p>

<p>[vc_row top=&#8221;30px&#8221;][vc_column][mnky_heading title=&#8221;Chi siamo&#8221; subtitle=&#8221;Al vostro servizio da tre generazioni!&#8221;][vc_empty_space height=&#8221;80px&#8221;][mnky_timeline][mnky_timeline_point title=&#8221;1923&#8243;] Gervasi Attilio &amp; soci[/mnky_timeline_point][mnky_timeline_point position=&#8221;10&#8243;  title=&#8221;1926&#8243;] Pola &amp; Gervasi, impresa costruzioni e segheria-falegnameria[/mnky_timeline_point][mnky_timeline_point position=&#8221;35&#8243; title=&#8221;1958&#8243;]Gervasi Riccardo[/mnky_timeline_point][mnky_timeline_point position=&#8221;55&#8243; title=&#8221;1974&#8243;]Gervasi &amp; Co[/mnky_timeline_point][mnky_timeline_point position=&#8221;80&#8243; title=&#8221;2001&#8243;]Gervasi Fausto[/mnky_timeline_point][mnky_timeline_point position=&#8221;90&#8243; title=&#8221;2015&#8243;]Gervasi SA[/mnky_timeline_point][/mnky_timeline][/vc_column][/vc_row][vc_row][vc_column][vc_column_text]Breve storia (1923 – oggi) Da tre generazioni la famiglia Gervasi è a capo di un’azienda nel settore [&hellip;]</p>
